e tens digit of f(x)?
1
Let c = 22 + 8. What is the units digit of c?
0
Suppose -5*r + 135 = -45. What is the units digit of r?
6
Let k be 1 + 0 - (0 + 10). Let m = 13 + k. Suppose m*z - 3*z - 8 = 0. What is the units digit of z?
8
Let f be (2/3)/((-16)/(-48)). Suppose 140 = f*q + 2*q. What is the tens digit of q?
3
Suppose -112 = 4*g - 2*j, 0*g = -5*g + 2*j - 138. Let b = 52 + g. What is the units digit of b?
6
Suppose 0*m - 140 = 5*m + 5*x, x + 109 = -4*m. Let y(p) = p**3 - 6*p**2 + p - 12. Let b be y(7). Let j = m + b. What is the tens digit of j?
1
Let o = 18 - 9. Let l be 3*6*(-3)/(-6). Suppose -3*u - 5*b = -0*b - o, 3*u - l = 4*b. What is the units digit of u?
3
Suppose 0 = 5*t - 5*h + 5, 30 = -t + 6*t + 2*h. Suppose -t*v = -4*l - 3*v + 79, 0 = l - 5*v - 34. What is the tens digit of l?
1
Suppose -5*u - 5*t + 74 = -11, -3*t = 4*u - 63. Suppose -z + 2*z + u = 0. What is the units digit of (-40)/z - (-2)/3?
4
Let a(w) = -w**3 + w**2 + 1. Let n be a(-4). Suppose -2*i + 49 = 3*h - 0, -5*h - 3*i + n = 0. What is the tens digit of h?
1
Suppose 106*n - 111*n + 960 = 0. What is the units digit of n?
2
What is the tens digit of (17/(357/(-2254)))/(2/(-3))?
6
Let v = -39 - -264. What is the tens digit of v?
2
Let b = 10 + -7. Suppose u - 9 = -k - 0*u, -b*k + 3*u = -27. What is the units digit of k?
9
Let k(w) = -8*w**3 + 2*w**2 - 7*w - 1. What is the tens digit of k(-3)?
5
Suppose 0 = x + p - 80 + 2, 78 = x - 4*p. What is the units digit of x?
8
Let g(q) = -q**2 + 7*q + 11. Let v be g(8). Suppose 6 = -v*t + 4*t. What is the units digit of t?
6
What is the hundreds digit of -2 - (-7)/4 - 7231/(-28)?
2
Suppose -13*k - 5*x + 223 = -11*k, -12 = 4*x. What is the hundreds digit of k?
1
Let n = -7 + 18. Let o = n + -1. Suppose 4*p - 34 = o. What is the tens digit of p?
1
Suppose 0 = -7*c + 650 - 76. What is the tens digit of c?
8
Let f = -9 - -12. Suppose 68 = 3*l + 2*k, 0*k - 12 = -f*k. What is the units digit of l?
0
Suppose -28 = 4*t - 152. Suppose 56 = 2*k - 5*l, 0*k + t = k - 4*l. What is the units digit of k?
3
Let d be (0 + 26)*3/6. Let p(l) = 2*l - 1. Let y be p(d). What is the tens digit of 81/5 + (-5)/y?
1
Suppose 4*k = -i + 3*i - 134, 0 = -3*k. What is the units digit of i?
7
Suppose 0*b - 4*b + 6 = -3*p, -4 = -b + 2*p. Suppose 0 = -4*c + 4*l + 229 - 53, b = -2*c - 2*l + 80. What is the units digit of c?
2
Suppose -6 + 9 = k. Suppose 3*w - 42 = -k*w. What is the units digit of w?
7
Let n(h) = 2*h + 2*h**2 + 7*h**2 - 3*h - 2*h**2. What is the units digit of n(1)?
6
Let r(s) = 3 - s**3 + 5 + 7*s**2 - 7*s + s. Let q = 14 - 8. What is the units digit of r(q)?
8
Let u = -5 + 8. Suppose 0 = 3*a - 0 - u. Suppose 2*f = -5*l - 21 - 2, l = -4*f - a. What is the units digit of f?
1
Suppose -5*o + 4*p = -87, 11 = 3*o - 5*p - 36. What is the tens digit of o?
1
Let r(o) be the first derivative of -o**3/3 + 4*o**2 - 3*o + 1. Let p be r(7). Suppose 0 = z - p + 1. What is the units digit of z?
3
Suppose -5*y - 35 = -h, -6*y + 2*y + 8 = h. What is the tens digit of h?
2
Let z(k) = k**2 - 6*k + 4. Let l be 1 - (1 - (-2 - -5)). Let i be z(l). Let u(h) = -h**2 - 5*h + 6. What is the units digit of u(i)?
6
Let y(f) = -168*f**3 + 3*f**2 + f + 1. What is the hundreds digit of y(-1)?
1
Let s = -15 - -8. Let z = -5 - s. What is the units digit of z?
2
Let z(u) = u - 9. Let a be z(-9). Let s = 3 - a. What is the tens digit of s?
2
Let z = 211 - 121. Let i = 140 - z. Suppose 5*w - i + 2 = 4*k, -42 = -4*w + 5*k. What is the units digit of w?
8
Let a(q) = -2*q - 1. Let i be a(-1). Suppose c + 3*w - 20 = 0, -5 = -2*w + i. What is the tens digit of c?
1
Suppose -2*d + 2 = -2. Suppose d*q = -0*q + 18. Suppose -c = 5*j - 29, -4*c - 5*j + 32 = -q. What is the units digit of c?
4
Let b be ((-5)/2)/(25/(-20)). Suppose 4*t = -b*x + 80, 0 = -4*x - 0*x + 4*t + 112. What is the units digit of x?
2
Let g = 16 + -12. Suppose -5*n + 13 = -2*h, h + 3 = g*n - 11. What is the units digit of h?
6
Let d = 593 - 412. What is the hundreds digit of d?
1
Suppose 3*p + 33 = -3*w, p = -2*w + 5*p - 16. Let d = w + 14. Suppose -3*m + 3*v = -6, d*m - 2*v = -5*v + 29. What is the units digit of m?
5
Suppose 0*b - 4*b + 24 = 0. Let h = b - 3. Suppose -h*d = 2*d - 5. What is the units digit of d?
1
Let v(o) = -37*o - 1. What is the tens digit of v(-1)?
3
Let p(u) = u**2 + 2*u + 1. Let w be p(-3). Suppose -3*t + 0*t + w*x = -95, 3*t + 3*x = 81. What is the tens digit of t?
2
Let h = -3 + 5. Let g be 5/10 + 25/h. Let x = g - 9. What is the units digit of x?
4
Suppose -6*d + 630 = d. What is the units digit of d?
0
Let p(f) = -f**3 + 12*f**2 - 26. What is the tens digit of p(7)?
1
Let g be (-30)/(3/1)*-1. Suppose 5*m = y + y + g, -2*y + 10 = 0. What is the units digit of ((-12)/(-21))/(m/14)?
2
Suppose 5*v - 31 = -s, -3*v + 2 = -2*s - 1. Let h = 4 - s. What is the units digit of 0/2 + h/(-2)?
1
Suppose -3*m = 2*m - 95. Let w = m - 5. What is the tens digit of w?
1
Let t(v) = 2*v**2 - v - 2. Suppose 0 = -w + 2*w - 2. Let k be t(w). Suppose u + 3*u + 36 = k*z, 2*z + 5*u - 11 = 0. What is the units digit of z?
8
Let p(a) = -50*a + 21*a + 15*a + 15*a. Let d = -9 + 18. What is the units digit of p(d)?
9
Let l(p) = p**2 - 2*p + 1. Let g be l(2). Suppose g = -3*n + 10. Suppose 11 = a + n. What is the units digit of a?
8
Suppose 5*a - 53 = 2*g - 6*g, -2*g = a - 25. What is the units digit of g?
2
Suppose 0 = f - 10*n + 5*n - 28, -2*n = 4*f - 156. What is the units digit of f?
8
Suppose 3*s - 75 = 39. Suppose -5*f - 5*n = -0*n - 20, -n - s = -5*f. What is the units digit of f?
7
Let c = -75 - -40. Let r(g) = -9*g + 2. Let n be r(3). Let b = n - c. What is the units digit of b?
0
Let a(z) = z**2 - 9*z + 11. Suppose -4*i - 5*h + 0*h + 42 = 0, 0 = 2*i - 4*h - 8. What is the units digit of a(i)?
3
Let f = -11 + 14. Suppose 114 = f*p + 3*u, -7*p - 4*u = -2*p - 189. What is the tens digit of p?
3
Let c = 42 + -13. What is the units digit of c?
9
Let i = -6 + 11. Suppose 20 + 20 = 5*o + i*x, -5*o = -2*x - 26. Suppose o = 7*q - 5*q. What is the units digit of q?
3
Let n(m) = m**2 + 8*m + 8. What is the units digit of n(-7)?
1
What is the units digit of 2/3*(-105)/(-10)?
7
Let u = 27 - -11. What is the units digit of u?
8
Let q(b) be the first derivative of -2*b - 2 + 1/4*b**4 - 1/2*b**2 + 5/3*b**3. What is the units digit of q(-5)?
3
Let c(d) = d**3 - 2*d**2 - 3*d - 2. Let w = -4 + 7. Let u be c(w). Let i(t) = 2*t**2 - 3*t - 2. What is the units digit of i(u)?
2
Suppose 2*z = 4*o + 122, 3*z - 129 = 3*o + 63. Suppose 0 = -4*r + z - 19. What is the units digit of r?
2
Let b(w) = -2*w + 7. What is the tens digit of b(-16)?
3
Let k = 10 + -6. Suppose 0*i = i + 4*s - 18, k*i = 3*s + 34. What is the units digit of (1/2)/(1/i)?
5
Let y(u) = -3*u**3 - 3*u**2 + 7*u. Let k(w) = -2*w**3 - 6*w**2 + 5*w - 5*w**3 + 10*w - 1. Let l(t) = 2*k(t) - 5*y(t). What is the units digit of l(-4)?
2
Suppose 0 = j - 6 - 14. What is the units digit of j?
0
Let j(u) = -u**2. Let s be j(1). Let t be -9*(s/(-1) - 2). Let n = t - 6. What is the units digit of n?
3
Suppose 2*a - m = 45, 33 = 4*a - 2*a - 5*m. Suppose 4 = 2*c + a. Let r = 18 + c. What is the units digit of r?
8
Let k = -4 - -10. Let u = 42 + -21. What is the units digit of 80/14 + k/u?
6
Let c be 4 - 2 - 2/1. Suppose k - 31 = 4*t, -3*t + 0*t = c. What is the units digit of k?
1
Suppose 3*w = -5*y + 37 - 4, -3*y + 31 = -w. What is the units digit of y?
9
Let c(k) = 3 - k**2 + 3*k**2 + 4*k + 0*k**2. Let d be c(-2). Suppose -u + 4 = 0, 0*r + 18 = 2*r + d*u. What is the units digit of r?
3
Let i be (4 + -2)*-1 - -2. Let h(g) = g**2 + g + 19. What is the tens digit of h(i)?
1
Suppose 2*r + 12 = 4*r + 2*b, 2*r + b = 12. Let o = r + 8. Suppose 5*i = z - o, 3*z + 0*z - i - 28 = 0. What is the units digit of z?
9
Let f = -52 + -30. What is the tens digit of 2/7 - f/7?
1
Suppose -3*g - 5 = 1. Let y = 5 - -1. What is the units digit of (3 + g)*y*1?
6
Let s(o) = o + 7. Let t be s(-7). Suppose c - 4*z = -1, 3*z + 2 = c - t*z. What is the tens digit of c?
1
Suppose 0 = 4*i - 4, 0 = g - 2*g - 3*i. Let k(w) = -w**2 - 5*w - 3. Let u be k(g). Suppose -7*j = -u*j - 36. What is the units digit of j?
9
Suppose -3*b = -8*b - p + 11, -2*p + 10 = 4*b. Suppose -3*f + b = -7. What is the units digit of f?
3
Let